e?
True
Let j = -238 - -225. Is (1 + -40 + -7)*j/2 prime?
False
Suppose 5*x = -5*o - 330, 2*x = 2*o - 3*o - 134. Let l = -75 - x. Let y(h) = h**3 + 18*h**2 + 7*h - 3. Is y(l) prime?
True
Let x(b) = 538*b + 129. Let o be x(27). Suppose -o = -5*h + 2*f, 0 = -h - 5*f + 3312 - 408. Is h composite?
True
Suppose 17*l + 4*l - 6561471 = 0. Is l prime?
True
Suppose 10*j + 18 = 4*j. Is ((-339)/3)/(j/15) prime?
False
Let u be 8/((-48)/(-54)) + -5. Suppose -u*f + 62142 = z + 22978, z + 39164 = 4*f. Is f a composite number?
False
Is (475910/(-6))/(-10*22/660) a composite number?
True
Suppose -q + 5*c + 7 = 2*c, q + 3 = 5*c. Suppose -5*k + 60 = 39*j - 35*j, 3*j = 4*k - 79. Suppose -q*a = -k*a - 6438. Is a a prime number?
False
Suppose 4*w + i = -2*i + 41, 0 = -4*w + 5*i + 17. Suppose 0 = -w*b - 172 - 116. Is (b/12)/(94/97 - 1) composite?
False
Let v be 5 + 6 + -1*(1 - -1). Suppose -v*s + 7*s = 8. Is 2*865*(49/(-14) - s) prime?
False
Let o(i) = -51 + 30 - 21*i - 29. Is o(-7) composite?
False
Let s = 1585392 + -1084253. Is s a composite number?
False
Let t(i) = -5*i + 34. Let n be t(-5). Let p be (-2)/6 + 194/6. Let f = p + n. Is f prime?
False
Suppose 0 = 831*x - 836*x - 28565. Let i = -2674 - x. Is i a prime number?
False
Let p = 54 - 42. Suppose p*y - 1609 = 1499. Is y prime?
False
Let t = -22613 + 38340. Let l = t - 10650. Is l prime?
True
Suppose -1116609 = -88*c - 73990 + 1003293. Is c prime?
False
Let q be 9/54 - 140/(-24) - -1159. Let c be 4/2*(-1078)/4. Let s = q + c. Is s composite?
True
Suppose 4*k = 54*k - 9258235 + 1668285. Is k composite?
False
Let i(z) = 6*z**2 - 23*z - 67. Suppose -5*s + 17 = 4*k + 102, s = -3*k - 6. Is i(s) prime?
False
Let b = -83910 + 159253. Is b prime?
False
Suppose -70*h + 24497476 = -2*h. Is h a prime number?
True
Let g = -116 + 113. Let f(j) = -2*j**3 - 3*j**2 + 3*j - 3. Let l be f(g). Suppose -l*o - 4*o + 53827 = 0. Is o composite?
False
Suppose -37982 - 9458 = -8*g. Suppose g = 4*w - 3*f, w + 3*f - 1236 = 239. Is w composite?
False
Suppose 32*d - 2709 = 29*d. Suppose f + 1 = 0, -d = -t - 2*f - 2*f. Is t a prime number?
True
Let g(m) = -11*m**2 + 22*m + 621911. Is g(0) composite?
True
Let k(j) be the third derivative of -j**7/126 + 13*j**6/720 + j**5/5 - 15*j**2. Let a(t) be the third derivative of k(t). Is a(-6) prime?
False
Let f be (207/54 - 4) + 26/12. Suppose -a + 5*a = -2*i + 5450, -i = -f*a + 2719. Is a a prime number?
True
Suppose 767562 = 22*f - 440498 + 354834. Is f a composite number?
False
Let g(b) = b + 14. Let y be g(-14). Suppose -i + 5*u - 1141 = 4674, i - u + 5811 = y. Let q = i + 9163. Is q a prime number?
False
Suppose -5*h = 3*s - 76584, 64*s + 51043 = 66*s - h. Is s composite?
False
Suppose 0 = 8*d - 14202 - 9694. Suppose 0*w = -v + 2*w + 2993, v - d = 4*w. Is v composite?
False
Let d = 280246 - 166901. Is d a composite number?
True
Let q(a) = -2*a + 19. Let k be q(9). Is (k/((-9)/(-6)))/((-2)/(-24171)) prime?
False
Let k = -96 - -89. Let m be (-200)/(-56) - (-4)/k. Is ((-1)/m)/(5 - 193430/38685) prime?
True
Suppose -137*v - 54*v + 31073774 - 2883511 = 0. Is v a prime number?
False
Let l = -5064 - -7626. Suppose l = 2*j + 2*c, 4*c - 7*c + 5120 = 4*j. Is j prime?
True
Is 37*466*(-26)/(-260)*5 a composite number?
True
Let d(j) = 62*j**2 + 32*j - 35. Let i be d(8). Suppose 7*f - 34780 = i. Is f a composite number?
True
Let k = 2 + -2. Suppose z + 20 = 4*l - 2*z, k = 5*z. Suppose -3*j + l*j - 530 = 0. Is j a composite number?
True
Let v be 149 - (14/3 - 9/(-27)). Let g(b) = 6*b**3 - 4*b**2 + 7*b - 5. Let f be g(4). Let i = v + f. Is i a composite number?
False
Let b = -2681 - -6066. Suppose -2*r - 2*k = 0, 4*r - 9 + 1 = -2*k. Suppose -q + 5*f = -b + 1047, -q + 2337 = -r*f. Is q a prime number?
True
Let d(i) = -i**3 - 3*i**2 + i + 5. Let p be d(-3). Is (3/3 + 0)/(p/9398) prime?
False
Suppose 4*f + 15 = 7. Let p(t) = t**3 + 6*t**2 + 5*t + 6. Let w be p(-5). Is 6459/f*w/(-9) a composite number?
False
Is (-4)/14 - (-23 + 2400744/(-84)) prime?
True
Let t(d) = -12*d + 36. Let z(a) = 4*a - 12. Let i(x) = 5*t(x) + 16*z(x). Let g be i(5). Suppose 0 = g*c - 340 - 292. Is c composite?
False
Let y = -551 - -3040. Is y a composite number?
True
Suppose 0 = 2*r + 5*z + 396654 - 1123010, 0 = -3*r - 5*z + 1089549. Is r a composite number?
True
Let l = 50336 + 44085. Is l a prime number?
True
Let x be 4 + (6 + -5 - (-1 - -1)). Suppose 0*v = 4*j + 3*v - 6959, x*v - 3483 = -2*j. Is j a prime number?
False
Let u(j) = -2*j**3 + 6*j**2 + 7*j + 3. Let d = -89 - -129. Suppose q + d = -9*q. Is u(q) a prime number?
True
Let j(o) = -99*o - 3. Let g(t) = 49*t + 2. Let z(k) = 5*g(k) + 3*j(k). Suppose -u - m = 4, -2*m - 10 = 5*u - u. Is z(u) prime?
True
Let x be ((-1510)/(-8))/(5/20). Let n = 710 + x. Is n prime?
False
Let c = 27435 + -10018. Is c a prime number?
True
Is 2/8 + 154/56 - -188674 a composite number?
False
Let m = -765394 - -1262945. Is m a prime number?
True
Suppose -11*a + 217427 + 167408 = 0. Suppose -100*o - a = -105*o. Is o composite?
False
Let y = 5277 - -23000. Is y a composite number?
False
Let c be ((-10)/4 - -2)*121284. Let m = -35491 - c. Is m prime?
False
Suppose -g + 321856 = -j, 5*g + 8*j = 7*j + 1609262. Is g prime?
False
Let y = 326709 - 139852. Is y a prime number?
False
Is (-428)/1498 + 47413/7 prime?
False
Let o(r) = -r**2 - 10*r. Let m be o(-10). Let l be (-2948)/(m - 3/3). Suppose 7*j - 3*j - l = 0. Is j a prime number?
False
Let x = -3 - -7. Suppose -25 = -5*n, n - 2*n + 13541 = -x*d. Is (-2)/(-8) + d/(-32) a prime number?
False
Let c(m) be the first derivative of m**4/4 + 40*m**3/3 + 8*m**2 - 187*m - 153. Is c(-20) a prime number?
False
Suppose -4*k + 105 - 5 = 0. Let l = 2 + k. Suppose -l*t + 29*t = 2434. Is t prime?
True
Let n = 15854 + 312697. Is n prime?
False
Let m(o) = -43*o + 4. Let y be m(-2). Let q be 4/(-3)*y/(-24). Suppose q*b - b = -5*h + 2191, 0 = 5*h - 2*b - 2197. Is h prime?
True
Let q(j) = 2*j**2 - 4*j + 5. Let z be q(3). Suppose -h + z = -2*v, 2*h - h = 4*v + 11. Is (58/3)/(h/33) prime?
False
Let p(h) = -70*h**3 - 15*h**2 - 29*h - 11. Let v be p(-9). Let o = v + -34872. Is o composite?
False
Is 5/((-65)/(-4199169)) - -14 composite?
False
Suppose 10*b = 5*b - 5*c - 10, 5*c + 34 = 3*b. Suppose b*w - 25 = -0*w - 4*q, -3*q + 24 = 4*w. Suppose 3*u = -w*x + 6*x - 2679, -3572 = -4*x + u. Is x prime?
False
Suppose 3*w + 0*f + 2*f - 7 = 0, 4*w = -4*f + 12. Let z be 411 + w + (-2 - -1). Suppose -1686 = -4*m + 2*y, 2*m - 2*y + z - 1259 = 0. Is m prime?
True
Let l be 2/6*21/7. Let z be 4 - (l - 523/1). Suppose z + 27 = 7*u. Is u composite?
False
Let w be 7 + (-7842 - 5/(-5)). Let f = -2207 - w. Is f prime?
False
Let a(g) be the first derivative of g**4/2 + 4*g**3/3 - 3*g**2 + 4*g + 12. Let b be a(-5). Let r = 307 + b. Is r prime?
True
Let h(p) be the third derivative of -99*p**4/4 + 25*p**3/6 - p**2 + 3. Is h(-2) a composite number?
False
Suppose 0*h + 15 = 5*h, h = -4*z + 46511. Let n = 20650 - z. Is n a composite number?
True
Let s(k) = 8*k**2 + 36*k - 25. Is s(13) composite?
True
Let p(u) = u**3 - 2*u**2 - 6*u + 14. Let n be p(3). Suppose -n*s + 164210 = 5*y, -65666 = 12*s - 14*s + 4*y. Is s a composite number?
False
Let d(a) = 166*a**2 - 17*a - 4. Let x(z) = -z**2 + 50*z - 138. Let q be x(47). Is d(q) a prime number?
True
Is 14/(-14)*(-457701)/9*3 prime?
True
Let r = 40 - 40. Let d be (274/(-6))/(r + (-4)/(-12)). Let p = 684 + d. Is p composite?
False
Suppose -19*k + 0*k = -209. Suppose k*j = 6*j + 165. Is j a prime number?
False
Suppose -16*u + 56 = -2*u. Let i be 38/u + 10/(-4). Suppose -i*n + 12572 = -3*n. Is n prime?
False
Let d = 36 + -36. Let t be d*(1 - 0) + -16. Let j(r) = -r**3 - 16*r**2 - r - 9. Is j(t) prime?
True
Let r = 624 + -1501. Let i = -198 - r. Is i a prime number?
False
Suppose u - 4*y - 3014 = -0*y, -5976 = -2*u - 5*y. Let s = u + -1767. Is s a prime number?
True
Suppose 3779*t = 3744*t + 2006515. Is t prime?
True
Suppose -v - 5 = -3*j, 0*j + 5*v + 1 = 3*j. Suppose -c + 13 = -5*x, 0*x + 5*x + j*c + 4 = 0. Is (-1092)/x - -1 - -4 a composite number?
True
Let h(g) = -12*g**3 + 46*g**2 + 9*g - 15. Let n(j) = -5*j**3 + 23*j**2 + 4*j - 7. Let r(o) = -2*h(o) + 5*n(o). Is r(21) a prime number?
True
Let s be 3633 - (3 - (-3 - -1)). Is 1 + -6 - -1*s composite?
False
Suppo